ime factors of b(u).
3, 5, 37
Let o = -29286 + 48758. List the prime factors of o.
2, 1217
Suppose 4*q - k = 3*q + 11376, -k = 4*q - 45504. Suppose -q = -19*g + 328. What are the prime factors of g?
2, 7, 11
Let h = -55 - -59. Suppose 1554 = h*p + 2*p. Let b = p + -184. List the prime factors of b.
3, 5
Suppose -2 - 3 = -w. Suppose -4*a + 115 = w*n, -5*a - 98 = -4*n - 7*a. List the prime factors of n.
3
Let x = 1275 - -1037. List the prime factors of x.
2, 17
Let b be ((-314)/8)/(-6 + (-75)/(-12)). Let l = 513 + b. List the prime factors of l.
2, 89
Let y be 63*(4/(-3) - (-5 + 3)). What are the prime factors of 13992/y + (-2)/14?
3, 37
Let d(z) = -z - 10. Let b(v) = -v - 10. Let p(i) = 2*b(i) - 3*d(i). Let w be p(5). What are the prime factors of ((-3)/(w/(-2)))/((-1)/(-5))?
2
Suppose -6*w + 3*w = -5*c - 14, 0 = 5*c - w + 8. List the prime factors of ((-3222)/72)/(c/8).
2, 179
Let g(s) = 9*s**2 + s + 1. Let j be (4 + -1)/((-12)/(-28)). Let u(i) = i - 4. Let a be u(j). What are the prime factors of g(a)?
5, 17
Let g = 11495 + -6580. List the prime factors of g.
5, 983
What are the prime factors of (1 - (-7)/(-3)) + 1/((-6)/(-111872))?
2, 59, 79
Suppose -44*i + 9*i = 560. What are the prime factors of (8/i - (-11)/2) + 345?
2, 5, 7
Let c = -76 + 106. Let f = c - 35. List the prime factors of f + 11 + 0 + 0.
2, 3
Suppose 0 = -10*o - 24*o + 408. What are the prime factors of (-1782)/o*(4 + -10)?
3, 11
Let i = 144 + -22. Suppose -9 = v - i. List the prime factors of v.
113
Suppose 0 = -3*s + 5*s - 6*s. Suppose -3*v - 9 - 4 = -5*x, s = 2*v + 2*x + 14. What are the prime factors of 153 - (2/6 + 8/v)?
2, 7, 11
Let i(t) = t**3 + 35*t**2 - 10*t - 58. What are the prime factors of i(15)?
2, 5521
Let z = 6578 - -32. Suppose -2*c = -5*n + z, 4*n - 2007 - 3264 = 5*c. What are the prime factors of n?
2, 331
Let t(q) = q + 56. Let i be 28/21*9/(-6). Let k be (4 - 4)*(-1)/i. What are the prime factors of t(k)?
2, 7
Suppose 92132 = v - 2*c, v = -5*c + 8160 + 83965. What are the prime factors of v?
2, 3, 5, 37, 83
Let c = 5 - 3. Suppose -c*f + f = 0. List the prime factors of 6*12 + (f - 2).
2, 5, 7
Let w be (-7)/(28/(-228)) - 2. Let x = w - 53. Suppose 0 = 4*n - h - 599, 0 = n + 3*n - x*h - 598. List the prime factors of n.
2, 3, 5
Let a = -27 + 2722. Suppose 0 = -l - 10*l + a. List the prime factors of l.
5, 7
Let l = 41 - 38. Suppose -l*g - 4*p = 620, -4*p - 2 = -6. Let n = -115 - g. What are the prime factors of n?
3, 31
Let k be 10652/5 - (12/(-15))/(-2). Let a = -1163 + k. What are the prime factors of a?
967
Suppose z = -19*z + 440. List the prime factors of ((-6)/4)/(z/(31680/(-27))).
2, 5
Let u(w) = 25*w + 3676. What are the prime factors of u(-54)?
2, 1163
Let d = -8125 - -17620. What are the prime factors of d?
3, 5, 211
Suppose 0 = 214*n + 16*n - 29*n - 6906762. List the prime factors of n.
2, 3, 23, 83
Suppose -29*w + 52*w = 138299. What are the prime factors of w?
7, 859
Let w(b) = 2*b**2 - 4. Let h be w(-2). Suppose 0 = -3*a - 9, 0*i - h*i - 3*a + 11 = 0. Suppose -i*v = 2*v - 245. What are the prime factors of v?
5, 7
Let j = -3 + 7. Suppose 3*x = -x - j*y + 20, -5*x - 2*y = -16. What are the prime factors of (150 - x) + 0 + 0?
2, 37
Suppose 5*x - 6*b = 15851, 150*x = 147*x - 3*b + 9537. What are the prime factors of x?
5, 127
Suppose -20996 = -4*x - 5*t, 890 + 4370 = x + 4*t. List the prime factors of x.
2, 3, 19, 23
Let s(i) = 2*i**2 - 24*i - 60. Suppose 450 = -35*z + 1465. List the prime factors of s(z).
2, 463
Let x(i) be the third derivative of -11*i**4/24 + 4*i**3/3 - 29*i**2. What are the prime factors of x(-4)?
2, 13
Suppose 5*z - 20186 = 3*c, -3488 + 15586 = 3*z + 5*c. Suppose -38*j + z = -34*j. What are the prime factors of j?
1009
List the prime factors of 280938/(-10)*(-935)/561.
7, 6689
Suppose -5*t + 4*m + 14975 = -2*t, 24969 = 5*t + 4*m. List the prime factors of t.
4993
Let d(g) = -2 + 3*g**2 - 1 + 6*g - 2*g**2. Let n be (-7)/((-126)/(-250)) - 1/9. What are the prime factors of d(n)?
109
Suppose 56*q - 60*q = -28376. Suppose 0 = 16*l - q - 970. What are the prime factors of l?
2, 3, 7
List the prime factors of (1305/10)/(-29)*(-1118)/3.
3, 13, 43
Suppose -3*c + 18 = s, -2*c + 22 = 4*s - 0*s. Let z be 4/(8/3)*(-13 - c). List the prime factors of 2534/18 + (-6)/z.
3, 47
Let t = 16 - 1. Suppose t*i = 10*i + 1330. Suppose -2*n = 6*f - 4*f - i, f - 115 = 5*n. List the prime factors of f.
2, 5, 13
List the prime factors of 83266/12 + -20 + 1936/96.
3, 257
Suppose 0 = 5*o - 2*o - 12. Suppose n - 117 = 4*w, -o*n + 3*w = -9*n + 585. List the prime factors of n.
3, 13
Let k be 12/(-54) - 60/(-27). Suppose -5*p + 1086 = 2*s - 829, 750 = k*p + 4*s. What are the prime factors of p?
5, 7, 11
Let x be ((9 - -1)/1 + -1)*2. Suppose 4*k = i + x, -7 = -4*k - 2*i + 17. Suppose -5*j = -k*f - 40, 2*j + 2*f - 33 = -3*j. List the prime factors of j.
7
Let v = -18 + 20. Suppose 2*d = 4*t - 10, v*t - 19 = -d - 2*t. What are the prime factors of 148/d*(-18)/(-12)?
2, 37
List the prime factors of (1 + 0)/(13/7346560*20).
2, 883
List the prime factors of 287655/2413 + 8/(-38).
7, 17
Suppose -21150 = 35*a - 38*a. List the prime factors of a.
2, 3, 5, 47
Suppose -63*r = -52*r - 121. Suppose -r*h = -14*h + 21. What are the prime factors of h?
7
Let m be (-35 - -13) + 1 + -3. Let a(y) = -29*y + 17. What are the prime factors of a(m)?
23, 31
Let z(l) = 2*l**3 + 48*l**2 + 50*l + 10. Let v be z(-24). Let b = v - -1755. List the prime factors of b.
5, 113
Let l(c) be the third derivative of -2*c**2 + 0*c**3 - 1/60*c**5 - 17/24*c**4 + 0 + 0*c. List the prime factors of l(-9).
2, 3
Let u = 59 - 55. Suppose -1 = 2*f + 2*h + 5, 0 = -u*h - 12. Suppose 0*n - 2*b = -5*n + 86, 5*n - b - 83 = f. What are the prime factors of n?
2
Let n(k) be the second derivative of 14*k - 7/2*k**2 - 1/4*k**4 - 3/10*k**5 - k**3 + 0. List the prime factors of n(-3).
2, 73
Suppose 3*f = 2*s + 2*s + 20, -f + s = -7. Let n be (-12)/f*(-1 - 1) + -3. Suppose 2*w + w - 393 = n. List the prime factors of w.
131
Let p = -9751 + 20803. List the prime factors of p.
2, 3, 307
Suppose 515 = 4*s + i, 4*i = -3*s + 5*i + 395. Suppose b = -d + 662 - s, -5*d = -b + 526. List the prime factors of b.
3, 59
Suppose 2671 = 15*v + 556. Let k = v - 126. Suppose -154 - 131 = -k*t. List the prime factors of t.
19
Let q = 53315 - 11846. List the prime factors of q.
3, 23, 601
Let t = -39734 - -61163. What are the prime factors of t?
3, 2381
Let n = -55 + 60. Suppose -n*m - 3*m = -744. Let r = m - 27. What are the prime factors of r?
2, 3, 11
Let p(a) = -9*a - 51. Let o be p(-6). Let h = 1 + o. Suppose 51 + 205 = h*x. What are the prime factors of x?
2
Let o be (-912)/(-42) + 4/14. Suppose o*l = l + 7350. What are the prime factors of l?
2, 5, 7
Let d(h) = -2*h**2 - 96*h - 24. Let x(t) = 2*t**2 + 95*t + 23. Let z(r) = -4*d(r) - 5*x(r). What are the prime factors of z(-37)?
2, 5, 61
Suppose 0 = 5*a + 4*q - 28, 2*q = -3*a + 2*a + 8. Suppose -43*k = -48*k + 30. Suppose 3*h - 48 - k = -4*u, -4*h + 100 = -a*u. List the prime factors of h.
2, 11
Let k(h) = 6*h**2 + 16*h - 251. List the prime factors of k(-46).
3, 1301
Suppose 0 = 2*x + 7*g - 3*g - 1584, 0 = x + g - 796. Let l = x - 528. List the prime factors of l.
2, 17
Let d be (-4)/(-22) - 650/(-55). Let g be -1*(15/d)/((-1)/4). Suppose 312 = 11*r - g*r. What are the prime factors of r?
2, 13
Suppose -290*p + 567645 = -277*p. What are the prime factors of p?
3, 5, 41, 71
Suppose 0 = 508*d - 3*d - 30*d - 18298900. List the prime factors of d.
2, 9631
Let r be 10578/9 + (-13)/39. Let w = -801 + r. List the prime factors of w.
2, 11, 17
Suppose 4*o + 30 = -3*t, 3*o = o + 3*t - 6. Let r(f) = -7*f**2 - 9*f - 15. Let x be r(o). List the prime factors of (-2)/4*x*(-6)/(-9).
71
Suppose 12*g - 40 = -160. Let o be 26/4 + (-15)/g. Suppose o*h - 6 = 5*h. List the prime factors of h.
2
Let p(c) be the third derivative of 41*c**6/120 + c**4/12 - c**3/2 - 30*c**2. Let o be p(3). Suppose 0 = -10*x - 0*x + o. What are the prime factors of x?
3, 37
Let d = 10789 - -3299. What are the prime factors of d?
2, 3, 587
Let j(y) = -51*y + 5. Let s be j(6). Suppose -d + 392 = -2*q, 248*d - 250*d = -2*q - 388. Let w = q - s. List the prime factors of w.
103
Suppose -3*k + 314 = -5*d, -7192*d = -